the highest common divisor of 25 and 1795.
5
What is the greatest common divisor of 1617 and 330?
33
Calculate the greatest common factor of 1943 and 58.
29
Calculate the greatest common divisor of 493 and 29.
29
Calculate the greatest common factor of 105 and 63.
21
What is the highest common factor of 29 and 754?
29
What is the highest common divisor of 102 and 425?
17
What is the greatest common divisor of 649 and 275?
11
Calculate the highest common divisor of 125 and 15.
5
Calculate the highest common factor of 825 and 75.
75
What is the greatest common divisor of 20 and 44740?
20
Calculate the greatest common factor of 20 and 260.
20
Calculate the highest common factor of 90 and 1530.
90
Calculate the greatest common divisor of 33 and 22.
11
What is the highest common divisor of 973 and 14?
7
What is the greatest common divisor of 148 and 925?
37
Calculate the highest common divisor of 637 and 624.
13
Calculate the greatest common divisor of 54 and 135.
27
Calculate the highest common factor of 36 and 279.
9
What is the greatest common divisor of 95 and 1520?
95
What is the greatest common factor of 243 and 3483?
81
What is the greatest common factor of 1313 and 13?
13
Calculate the highest common factor of 14507 and 89.
89
Calculate the highest common divisor of 20565 and 45.
45
Calculate the greatest common divisor of 400 and 14.
2
What is the greatest common divisor of 4 and 292?
4
What is the highest common divisor of 89 and 1157?
89
What is the highest common divisor of 650 and 100?
50
What is the highest common divisor of 8036 and 98?
98
Calculate the highest common divisor of 12 and 64.
4
What is the highest common factor of 1166 and 286?
22
Calculate the highest common factor of 66483 and 83.
83
Calculate the greatest common divisor of 45 and 2085.
15
Calculate the greatest common factor of 140 and 56.
28
Calculate the highest common divisor of 798 and 42.
42
Calculate the highest common divisor of 2204 and 760.
76
What is the highest common divisor of 45 and 1560?
15
Calculate the greatest common factor of 178 and 17177.
89
Calculate the greatest common divisor of 272 and 16.
16
Calculate the greatest common divisor of 4089 and 141.
141
Calculate the greatest common divisor of 137 and 2329.
137
Calculate the highest common divisor of 15 and 1115.
5
Calculate the greatest common factor of 3 and 345.
3
Calculate the greatest common divisor of 1485 and 24.
3
What is the greatest common factor of 777 and 21?
21
Calculate the highest common factor of 441 and 63.
63
What is the greatest common divisor of 2695 and 275?
55
What is the highest common divisor of 74337 and 213?
213
What is the greatest common divisor of 3201 and 33?
33
Calculate the greatest common factor of 14129 and 199.
199
Calculate the greatest common divisor of 494 and 338.
26
What is the highest common divisor of 252 and 96?
12
Calculate the highest common divisor of 160 and 440.
40
Calculate the greatest common factor of 230 and 890.
10
Calculate the highest common divisor of 40 and 680.
40
Calculate the greatest common factor of 102 and 272.
34
Calculate the greatest common divisor of 2542 and 62.
62
What is the greatest common divisor of 1131 and 117?
39
What is the highest common factor of 470 and 611?
47
What is the highest common divisor of 79 and 24253?
79
What is the highest common divisor of 1155 and 10?
5
Calculate the greatest common factor of 48 and 6984.
24
Calculate the greatest common factor of 1503 and 45.
9
Calculate the greatest common divisor of 63 and 2016.
63
What is the greatest common divisor of 2 and 394?
2
What is the highest common factor of 102 and 11577?
51
Calculate the greatest common divisor of 4582 and 58.
58
Calculate the greatest common factor of 10 and 2110.
10
Calculate the highest common factor of 162 and 72.
18
Calculate the highest common factor of 95 and 5.
5
Calculate the greatest common factor of 36 and 324.
36
What is the highest common divisor of 185 and 407?
37
What is the highest common divisor of 66 and 1080?
6
What is the greatest common divisor of 2392 and 104?
104
Calculate the greatest common divisor of 156 and 36.
12
Calculate the greatest common divisor of 378 and 28.
14
What is the greatest common factor of 6 and 1188?
6
Calculate the highest common divisor of 32 and 160.
32
Calculate the highest common divisor of 3 and 303.
3
What is the greatest common factor of 4 and 23?
1
Calculate the greatest common divisor of 3961 and 17.
17
What is the greatest common divisor of 63 and 2184?
21
What is the greatest common divisor of 92 and 69?
23
What is the highest common divisor of 121 and 275?
11
What is the highest common factor of 1806 and 28?
14
What is the highest common factor of 18 and 72?
18
Calculate the highest common factor of 108 and 468.
36
What is the greatest common divisor of 31160 and 120?
40
Calculate the highest common divisor of 2424 and 24.
24
What is the highest common divisor of 162 and 378?
54
What is the greatest common factor of 11207 and 7?
7
Calculate the highest common factor of 234 and 144.
18
Calculate the greatest common divisor of 570 and 30.
30
What is the greatest common factor of 42 and 861?
21
Calculate the greatest common divisor of 300 and 84.
12
What is the highest common factor of 120 and 780?
60
What is the greatest common factor of 420 and 36?
12
What is the greatest common divisor of 105 and 15?
15
What is the greatest common divisor of 1189 and 58?
29
What is the greatest common factor of 99 and 13365?
99
What is the highest common factor of 22 and 165?
11
What is the greatest common divisor of 1113 and 53?
53
Calculate the highest common divisor of 200 and 175.
25
What is the highest common divisor of 65 and 221?
13
Calculate the highest common factor of 935 and 340.
85
What is the greatest common factor of 14 and 98?
14
Calculate the greatest common divisor of 249 and 24.
3
What is the highest common divisor of 138 and 552?
138
What is the greatest common divisor of 340 and 490?
10
Calculate the highest common divisor of 9 and 1971.
9
What is the highest common divisor of 66 and 21747?
33
What is the highest common factor of 125 and 225?
25
Calculate the greatest common divisor of 74 and 4.
2
Calculate the highest common divisor of 60 and 330.
30
Calculate the highest common factor of 5780 and 100.
20
Calculate the highest common factor of 462 and 378.
42
Calculate the highest common factor of 7 and 343.
7
Calculate the greatest common divisor of 1311 and 228.
57
What is the greatest common factor of 10 and 670?
10
Calculate the highest common factor of 1 and 443.
1
Calculate the greatest common divisor of 57 and 304.
19
What is the highest common divisor of 4 and 148?
4
What is the highest common factor of 849 and 1981?
283
Calculate the greatest common factor of 1920 and 24.
24
Calculate the greatest common divisor of 784 and 16.
16
Calculate the greatest common divisor of 160 and 50.
10
Calculate the greatest common factor of 25694 and 58.
58
What is the highest common divisor of 42 and 63?
21
What is the highest common divisor of 10 and 2250?
10
What is the greatest common divisor of 36 and 1188?
36
What is the greatest common divisor of 130 and 30?
10
What is the highest common factor of 4531 and 92?
23
What is the highest common divisor of 403 and 13?
13
Calculate the greatest common divisor of 57 and 399.
57
What is the highest common factor of 158 and 869?
79
What is the highest common factor of 49 and 35?
7
Calculate the highest common divisor of 711 and 9.
9
What is the greatest common divisor of 451 and 82?
41
What is the greatest common divisor of 2 and 62?
2
Calculate the highest common divisor of 32 and 58.
2
What is the greatest common divisor of 17 and 3?
1
What is the greatest common divisor of 20 and 36?
4
Calculate the greatest common divisor of 16 and 688.
16
What is the greatest common factor of 135 and 285?
15
Calculate the greatest common divisor of 32032 and 56.
56
What is the highest common divisor of 276 and 60?
12
Calculate the greatest common divisor of 1939 and 49.
7
Calculate the greatest common divisor of 11220 and 440.
220
What is the greatest common divisor of 126 and 168?
42
What is the highest common factor of 69 and 327?
3
Calculate 